-168. What is the greatest common divisor of m and o?
14
Let a = -2 + 11. Calculate the highest common factor of 12 and a.
3
Suppose -q + 4*q = 12. Let d = 4 - q. Let c = d - -1. What is the highest common factor of 2 and c?
1
Let f be (-1 + 11)/((-3)/21). Suppose 2*l - 196 = 5*i, -2*i - l + 6*l - 70 = 0. Let d = i - f. What is the highest common factor of 6 and d?
6
Let i = 47 - 22. Let w be (-18)/1*i/(-15). Let l = -15 + w. What is the greatest common factor of 135 and l?
15
Let n be (-8)/(-2) - 2*1. Suppose 9 - 1 = n*b. Suppose -31 = -3*x + 4*p + 17, 2*x - 33 = 3*p. What is the highest common factor of x and b?
4
Let q be (0 - -2) + (-470)/(-2). Let y = -162 + q. Calculate the highest common divisor of y and 15.
15
Let z(f) = -f + 10. Let r be z(3). What is the greatest common divisor of r and 56?
7
Let d(i) = i. Let x be d(5). Let k be 53/5 + (-3)/x. Suppose -5*q + 47 = -78. What is the greatest common divisor of k and q?
5
Suppose -11 = -4*g - 51. Let l = g + 4. Let u = 0 - l. What is the greatest common divisor of u and 54?
6
Suppose -5*w - 2 = 3, -4*w - 10 = -2*g. Let u be (-2)/6 - (-211)/g. Calculate the highest common divisor of u and 10.
10
Let d(a) = -a**3 + 4*a**2 + 5*a + 5. Let p be d(5). Suppose 326 = -19*x + 991. Calculate the greatest common factor of p and x.
5
Let d(v) = -2*v. Suppose 2*c = -4 - 10. Let r be d(c). What is the greatest common factor of r and 154?
14
Let t be 234/12*(-4)/(-3). What is the highest common factor of 130 and t?
26
Let u = -13 - -35. Let z = u + -20. Calculate the highest common factor of z and 22.
2
Let u be 3 + -1 + 2 + 2. Let v be 295/3 + u/9. Suppose -n - v = -2*n. Calculate the greatest common factor of 9 and n.
9
Suppose -a + 3 + 2 = 0. Let r = a - 4. Calculate the highest common factor of r and 5.
1
Let k(s) = s + 13. Let g be k(-9). Suppose v - 3*l - 22 = 0, v - 4 = -v - g*l. What is the highest common divisor of v and 90?
10
Suppose 4 = -3*g - u, u = -u + 4. Let k be (-13)/g - 2/(-4). Calculate the highest common factor of 21 and k.
7
Suppose -2*o = -2*d - 22, -2*o = -d - 14 - 4. Let t = 1 + o. What is the greatest common factor of 8 and t?
8
Let o(w) = -w**2 + 25*w - 39. Let s be o(23). What is the greatest common factor of 49 and s?
7
Let o be ((-4)/3)/(4/(-6)). Suppose -o*b + 6 = 4*a, b + 1 = -a + 4. Let k be b + 2 + (0 - 2). What is the greatest common factor of 6 and k?
3
Suppose -105 = -5*j - 5*a, 2*a - 12 = -2. What is the greatest common factor of j and 48?
16
Suppose n + o - 23 = -2*o, 5*o = 4*n - 92. Calculate the highest common factor of 207 and n.
23
Let j(y) = -y**2 + 19*y - 40. Let l be j(10). Calculate the greatest common factor of l and 20.
10
Suppose 2 = -2*u + 24. Let v be 9/(-6)*22/(-1). What is the highest common divisor of v and u?
11
Let r = 70 + -34. What is the highest common divisor of 24 and r?
12
Let k(v) = -32*v**3 + v**2 + v. Let u be k(-1). Let h = u + -23. Suppose -h = -2*y + 19. Calculate the greatest common divisor of 70 and y.
14
Let h be (-1 - 3 - -1)*(-11)/3. Calculate the greatest common divisor of h and 88.
11
Let f = 19 + -27. Suppose 37 = 2*u + 5. Let b = u + f. What is the highest common factor of b and 4?
4
Suppose x - 6 + 2 = 0. Let m = x - 1. Calculate the highest common divisor of 15 and m.
3
Suppose -5*n - 41 + 176 = 0. Suppose -k + 6*k = 90. Calculate the highest common factor of k and n.
9
Let b(n) = -3*n**3 - 2*n**2 - 3*n - 2. Let d be b(-2). What is the highest common factor of d and 50?
10
Suppose 0 = -3*p + 11 - 2. Suppose -4*d - 5*u = -91, -u + 67 = p*d + 4*u. Suppose n = -2*n + d. Calculate the greatest common factor of n and 20.
4
Suppose -34 = -2*r - 0*r. Calculate the highest common factor of 102 and r.
17
Let s(u) be the second derivative of u**4/12 + 5*u**3/6 - 3*u**2/2 - u. Let f be s(-6). Let c = f - 1. What is the highest common divisor of c and 1?
1
Let p be 9*(-7 - -1)/(-2). Let u be ((-27)/(-6))/(-9)*-18. Calculate the greatest common divisor of p and u.
9
Let f = -55 - -169. Calculate the greatest common factor of f and 285.
57
Suppose 4*m - 135 = 485. Let x = m + -89. Suppose -5*t - 1 = -31. What is the highest common divisor of t and x?
6
Suppose -14 = z + 3*m, -5*m = -0*z + z + 22. Let f(o) = 5*o**3 - 4*o**3 + o - 2*o**3 - 2*o. Let n be f(z). Calculate the highest common divisor of n and 15.
5
Let a(m) = -12*m - 7. Let t be a(-2). Suppose 5*b - t = -7. What is the highest common divisor of b and 2?
2
Let u be (-1)/(((-5)/24)/5). Let i be 2 - 0 - (3 - 3 - 1). Calculate the highest common divisor of i and u.
3
Let m(f) = 3*f - 5. Let b be m(6). Let w = -8 + b. Suppose 0 = -n + q + 3*q + 8, w*q = -n + 26. Calculate the highest common factor of n and 128.
16
Suppose -3*j + 4*y = -5*j + 32, 12 = -j + 5*y. Let w(l) = -l**3 + 4*l**2 + 4*l. Let d be w(4). What is the highest common factor of d and j?
8
Let o = -5 + 1. Let t be (-6)/o - (-4)/8. Calculate the highest common factor of 8 and t.
2
Let f(g) = 2*g**2 - 8*g + 3. Suppose 17 = 3*q - y, 5*q - y - 16 = 15. Let n be f(q). Calculate the greatest common divisor of 9 and n.
9
Suppose -2*b + 15 = 3*b. Suppose -20 = -b*k - k. Let u be (k - 2 - 2) + 5. What is the greatest common factor of 4 and u?
2
Let x(g) be the first derivative of 4*g**3/3 - 3*g**2/2 - 3*g - 3. Let j be x(6). Let z = j - 35. What is the highest common divisor of z and 11?
11
Let c(u) = -28*u**3 - 2*u**2 - 6*u - 7. Let x be c(-2). Calculate the highest common divisor of 17 and x.
17
Let x(s) = 19*s**2 - 2*s - 3. Let j be x(-2). Let y be (0 - -4) + 4 + -1. What is the highest common factor of y and j?
7
Suppose 0*j + 32 = 4*j - 4*r, 3*j - 5*r - 24 = 0. What is the highest common factor of j and 16?
8
Suppose -5*g = l - 136, 0*g - 3*g + 2*l + 79 = 0. Let c(z) = 13*z**3 - z - 1. Let u be c(-1). Let k = u - -22. What is the greatest common divisor of g and k?
9
Suppose 630 = 6*h + 42. What is the highest common factor of h and 14?
14
Suppose 2*j = p + 7, -2*p = -2*j + 8 + 2. What is the greatest common factor of 18 and j?
2
Suppose -4*h + 7*h - 3 = 0. Let l(z) = -20*z. Let t(c) = 81*c. Let s(w) = -21*l(w) - 5*t(w). Let b be s(h). Calculate the highest common divisor of b and 6.
3
Suppose 4 = 4*w, f - 70 = -w + 66. Let o(c) = 2*c**2 + 7*c. Let l be o(-5). What is the greatest common factor of f and l?
15
Suppose 3*x = -2*a + 123, 2*a - 55 = x + 72. What is the highest common divisor of a and 42?
21
Let w(x) = 13*x**2 - 1. Let h be w(-1). Let g(r) = 22*r**2 + r - 2. Let u be g(-2). What is the highest common divisor of h and u?
12
Let y be (28/6)/(2/(-6)). Let c be (-112)/(-4)*(-12)/y. Suppose -15*w + 64 = -11*w. What is the highest common divisor of w and c?
8
Let i(y) = -1. Let p(h) = h + 1. Let f(r) = i(r) + 2*p(r). Suppose 3*a - 4 = 2*a. Let w be f(a). What is the highest common divisor of w and 72?
9
Suppose -7*r + 5*r + 16 = 0. What is the greatest common divisor of 40 and r?
8
Suppose 3*s + 2*k = 1 + 21, 0 = -4*k - 16. Calculate the greatest common factor of s and 40.
10
Let o be (-4)/1 - (1 + -10). What is the highest common divisor of 20 and o?
5
Let g(x) = x**3 + 0*x**2 - 8 + x**2 + 8*x**2. Let d be g(-9). Let k = -6 - d. Calculate the highest common factor of 5 and k.
1
Let a be (-1)/(-2) - 17/(-2). Let n be (6/9 + 0)*-3. Let s be (1 - -1)/n*-45. Calculate the greatest common divisor of a and s.
9
Suppose -4*q = 12, 2*q - q = 5*x - 158. Let f = 257 + -144. Let j = x + f. Calculate the highest common factor of 18 and j.
18
Suppose 3*t + t = 0. Suppose 0 = 5*h - t*h - 880. What is the greatest common divisor of h and 16?
16
Suppose -f = 2*f. Suppose 5*x - 253 = -3*w, -2*w + f*x + 170 = 4*x. Calculate the highest common factor of 9 and w.
9
Let j = 46 - 30. What is the greatest common factor of 16 and j?
16
Let q be 1/(-2 + (-273)/(-135)). Calculate the highest common divisor of 15 and q.
15
Let i be (-12)/15*50/(-4). Suppose 4*f + i - 54 = -4*x, 2*f = 4*x + 46. What is the greatest common factor of 60 and f?
15
Let t = 56 - 31. What is the greatest common factor of t and 125?
25
Suppose 5*h = 2*c + c + 45, -4*c + 20 = 0. Suppose v = 5*v - h. Let n(a) = -9*a. Let s be n(-3). Calculate the highest common divisor of s and v.
3
Let u(s) = s**2 - 5*s + 8. Let k be u(6). Let a be 62/6 + (-2)/(-3). Let h = 18 -